Loading...

xen-devel@lists.xensource.com

[Prev] Thread [Next]  |  [Prev] Date [Next]

[Xen-devel] [linux test] 12006: regressions - FAIL xen . org Wed Feb 22 02:00:14 2012

flight 12006 linux real [real]
http://www.chiark.greenend.org.uk/~xensrcts/logs/12006/

Regressions :-(

Tests which did not succeed and are blocking,
including tests which could not be run:
 test-amd64-amd64-win         14 guest-start.2             fail REGR. vs. 11891

Tests which are failing intermittently (not blocking):
 test-amd64-i386-xl           18 leak-check/check            fail pass in 12002

Tests which did not succeed, but are not blocking:
 test-amd64-amd64-xl-qemuu-winxpsp3  7 windows-install          fail never pass
 test-i386-i386-xl-qemuu-winxpsp3  7 windows-install            fail never pass
 test-amd64-amd64-xl-qemuu-win7-amd64  7 windows-install        fail never pass
 test-amd64-i386-qemuu-rhel6hvm-amd  7 redhat-install           fail never pass
 test-amd64-i386-qemuu-rhel6hvm-intel  7 redhat-install         fail never pass
 test-amd64-amd64-xl-pcipt-intel  9 guest-start                 fail never pass
 test-amd64-i386-rhel6hvm-intel 11 leak-check/check             fail never pass
 test-amd64-i386-rhel6hvm-amd 11 leak-check/check             fail   never pass
 test-amd64-amd64-xl-win7-amd64 13 guest-stop                   fail never pass
 test-amd64-i386-xl-winxpsp3-vcpus1 13 guest-stop               fail never pass
 test-amd64-i386-xl-win7-amd64 13 guest-stop                   fail  never pass
 test-amd64-i386-xend-winxpsp3 16 leak-check/check             fail  never pass
 test-i386-i386-win           16 leak-check/check             fail   never pass
 test-i386-i386-xl-winxpsp3   13 guest-stop                   fail   never pass
 test-amd64-i386-win-vcpus1   16 leak-check/check             fail   never pass
 test-amd64-i386-xl-win-vcpus1 13 guest-stop                   fail  never pass
 test-amd64-i386-win          16 leak-check/check             fail   never pass
 test-amd64-amd64-xl-winxpsp3 13 guest-stop                   fail   never pass
 test-amd64-amd64-xl-win      13 guest-stop                   fail   never pass
 test-i386-i386-xl-win        13 guest-stop                   fail   never pass

version targeted for testing:
 linux                8326829847694d598382b3c5717f220e30b03137
baseline version:
 linux                1aaf53ee291d9e71d6ec05c0ebdb2854fea175ad

------------------------------------------------------------
People who touched revisions under test:
------------------------------------------------------------

jobs:
 build-amd64                                                  pass    
 build-i386                                                   pass    
 build-amd64-pvops                                            pass    
 build-i386-pvops                                             pass    
 test-amd64-amd64-xl                                          pass    
 test-amd64-i386-xl                                           fail    
 test-i386-i386-xl                                            pass    
 test-amd64-i386-rhel6hvm-amd                                 fail    
 test-amd64-i386-qemuu-rhel6hvm-amd                           fail    
 test-amd64-amd64-xl-qemuu-win7-amd64                         fail    
 test-amd64-amd64-xl-win7-amd64                               fail    
 test-amd64-i386-xl-win7-amd64                                fail    
 test-amd64-i386-xl-credit2                                   pass    
 test-amd64-amd64-xl-pcipt-intel                              fail    
 test-amd64-i386-rhel6hvm-intel                               fail    
 test-amd64-i386-qemuu-rhel6hvm-intel                         fail    
 test-amd64-i386-xl-multivcpu                                 pass    
 test-amd64-amd64-pair                                        pass    
 test-amd64-i386-pair                                         pass    
 test-i386-i386-pair                                          pass    
 test-amd64-amd64-xl-sedf-pin                                 pass    
 test-amd64-amd64-pv                                          pass    
 test-amd64-i386-pv                                           pass    
 test-i386-i386-pv                                            pass    
 test-amd64-amd64-xl-sedf                                     pass    
 test-amd64-i386-win-vcpus1                                   fail    
 test-amd64-i386-xl-win-vcpus1                                fail    
 test-amd64-i386-xl-winxpsp3-vcpus1                           fail    
 test-amd64-amd64-win                                         fail    
 test-amd64-i386-win                                          fail    
 test-i386-i386-win                                           fail    
 test-amd64-amd64-xl-win                                      fail    
 test-i386-i386-xl-win                                        fail    
 test-amd64-amd64-xl-qemuu-winxpsp3                           fail    
 test-i386-i386-xl-qemuu-winxpsp3                             fail    
 test-amd64-i386-xend-winxpsp3                                fail    
 test-amd64-amd64-xl-winxpsp3                                 fail    
 test-i386-i386-xl-winxpsp3                                   fail    


------------------------------------------------------------
sg-report-flight on woking.cam.xci-test.com
logs: /home/xc_osstest/logs
images: /home/xc_osstest/images

Logs, config files, etc. are available at
    http://www.chiark.greenend.org.uk/~xensrcts/logs

Test harness code can be found at
    http://xenbits.xensource.com/gitweb?p=osstest.git;a=summary


Not pushing.

------------------------------------------------------------
commit 8326829847694d598382b3c5717f220e30b03137
Merge: 1aaf53e... adb67a7...
Author: Jeremy Fitzhardinge <[EMAIL PROTECTED]>
Date:   Sat Feb 18 15:02:07 2012 -0800

    Merge commit 'v2.6.32.56' into xen/next-2.6.32
    
    * commit 'v2.6.32.56': (22 commits)
      Linux 2.6.32.56
      USB: ftdi_sio: fix initial baud rate
      USB: cp210x: do not map baud rates to B0
      USB: serial: CP210x: Added USB-ID for the Link Instruments MSO-19
      hwmon: (sht15) fix bad error code
      hwmon: (f71805f) Fix clamping of temperature limits
      USB: usbsevseg: fix max length
      usb: io_ti: Make edge_remove_sysfs_attrs the port_remove method.
      USB: cdc-wdm: updating desc->length must be protected by spin_lock
      USB: ftdi_sio: Add more identifiers
      USB: serial: ftdi additional IDs
      USB: ftdi_sio: add PID for TI XDS100v2 / BeagleBone A3
      USB: ftdi_sio: fix TIOCSSERIAL baud_base handling
      dm: do not forward ioctls from logical volumes to the underlying device
      block: fail SCSI passthrough ioctls on partition devices
      Revert "ARM: 7220/1: mmc: mmci: Fixup error handling for dma"
      crypto: sha512 - reduce stack usage to safe number
      crypto: sha512 - make it work, undo percpu message schedule
      drm: Fix authentication kernel crash
      eCryptfs: Make truncate path killable
      ...

_______________________________________________
Xen-devel mailing list
[EMAIL PROTECTED]
http://lists.xen.org/xen-devel