Loading...

xen-devel@lists.xensource.com

[Prev] Thread [Next]  |  [Prev] Date [Next]

[Xen-devel] [xen-unstable test] 12022: regressions - FAIL xen . org Wed Feb 22 12:01:35 2012

flight 12022 xen-unstable real [real]
http://www.chiark.greenend.org.uk/~xensrcts/logs/12022/

Regressions :-(

Tests which did not succeed and are blocking,
including tests which could not be run:
 test-amd64-i386-xl-winxpsp3-vcpus1 12 guest-localmigrate/x10 fail REGR. vs. 
12003

Regressions which are regarded as allowable (not blocking):
 test-i386-i386-win           14 guest-start.2                fail   like 12003

Tests which did not succeed, but are not blocking:
 test-amd64-amd64-xl-qemuu-winxpsp3  7 windows-install          fail never pass
 test-amd64-amd64-xl-qemuu-win7-amd64  7 windows-install        fail never pass
 test-i386-i386-xl-qemuu-winxpsp3  7 windows-install            fail never pass
 test-amd64-i386-qemuu-rhel6hvm-intel  7 redhat-install         fail never pass
 test-amd64-amd64-xl-pcipt-intel  9 guest-start                 fail never pass
 test-amd64-i386-rhel6hvm-amd 11 leak-check/check             fail   never pass
 test-amd64-i386-rhel6hvm-intel 11 leak-check/check             fail never pass
 test-amd64-i386-qemuu-rhel6hvm-amd  7 redhat-install           fail never pass
 test-amd64-i386-xend-winxpsp3 16 leak-check/check             fail  never pass
 test-amd64-amd64-win         16 leak-check/check             fail   never pass
 test-amd64-i386-xl-win7-amd64 13 guest-stop                   fail  never pass
 test-amd64-i386-xl-win-vcpus1 13 guest-stop                   fail  never pass
 test-amd64-i386-win-vcpus1   16 leak-check/check             fail   never pass
 test-amd64-amd64-xl-winxpsp3 13 guest-stop                   fail   never pass
 test-i386-i386-xl-winxpsp3   13 guest-stop                   fail   never pass
 test-amd64-i386-win          16 leak-check/check             fail   never pass
 test-amd64-amd64-xl-win7-amd64 13 guest-stop                   fail never pass
 test-amd64-amd64-xl-win      13 guest-stop                   fail   never pass
 test-i386-i386-xl-win        13 guest-stop                   fail   never pass

version targeted for testing:
 xen                  40785b479047
baseline version:
 xen                  a88ba599add1

------------------------------------------------------------
People who touched revisions under test:
  Bamvor Jian Zhang <[EMAIL PROTECTED]>
  George Dunlap <[EMAIL PROTECTED]>
  Ian Jackson <[EMAIL PROTECTED]>
  Jean Guyader <[EMAIL PROTECTED]>
  Roger Pau Monne <[EMAIL PROTECTED]>
------------------------------------------------------------

jobs:
 build-amd64                                                  pass    
 build-i386                                                   pass    
 build-amd64-oldkern                                          pass    
 build-i386-oldkern                                           pass    
 build-amd64-pvops                                            pass    
 build-i386-pvops                                             pass    
 test-amd64-amd64-xl                                          pass    
 test-amd64-i386-xl                                           pass    
 test-i386-i386-xl                                            pass    
 test-amd64-i386-rhel6hvm-amd                                 fail    
 test-amd64-i386-qemuu-rhel6hvm-amd                           fail    
 test-amd64-amd64-xl-qemuu-win7-amd64                         fail    
 test-amd64-amd64-xl-win7-amd64                               fail    
 test-amd64-i386-xl-win7-amd64                                fail    
 test-amd64-i386-xl-credit2                                   pass    
 test-amd64-amd64-xl-pcipt-intel                              fail    
 test-amd64-i386-rhel6hvm-intel                               fail    
 test-amd64-i386-qemuu-rhel6hvm-intel                         fail    
 test-amd64-i386-xl-multivcpu                                 pass    
 test-amd64-amd64-pair                                        pass    
 test-amd64-i386-pair                                         pass    
 test-i386-i386-pair                                          pass    
 test-amd64-amd64-xl-sedf-pin                                 pass    
 test-amd64-amd64-pv                                          pass    
 test-amd64-i386-pv                                           pass    
 test-i386-i386-pv                                            pass    
 test-amd64-amd64-xl-sedf                                     pass    
 test-amd64-i386-win-vcpus1                                   fail    
 test-amd64-i386-xl-win-vcpus1                                fail    
 test-amd64-i386-xl-winxpsp3-vcpus1                           fail    
 test-amd64-amd64-win                                         fail    
 test-amd64-i386-win                                          fail    
 test-i386-i386-win                                           fail    
 test-amd64-amd64-xl-win                                      fail    
 test-i386-i386-xl-win                                        fail    
 test-amd64-amd64-xl-qemuu-winxpsp3                           fail    
 test-i386-i386-xl-qemuu-winxpsp3                             fail    
 test-amd64-i386-xend-winxpsp3                                fail    
 test-amd64-amd64-xl-winxpsp3                                 fail    
 test-i386-i386-xl-winxpsp3                                   fail    


------------------------------------------------------------
sg-report-flight on woking.cam.xci-test.com
logs: /home/xc_osstest/logs
images: /home/xc_osstest/images

Logs, config files, etc. are available at
    http://www.chiark.greenend.org.uk/~xensrcts/logs

Test harness code can be found at
    http://xenbits.xensource.com/gitweb?p=osstest.git;a=summary


Not pushing.

------------------------------------------------------------
changeset:   24865:40785b479047
tag:         tip
user:        Ian Jackson <[EMAIL PROTECTED]>
date:        Wed Feb 22 14:27:18 2012 +0000
    
    autoconf: Rerun autogen.sh
    
    Signed-off-by: Ian Jackson <[EMAIL PROTECTED]>
    
    
changeset:   24864:d370b93ba754
user:        Roger Pau Monne <[EMAIL PROTECTED]>
date:        Wed Feb 22 13:06:42 2012 +0000
    
    autoconf: clean brctl options
    
    This bit was missing, sorry.
    
    Signed-off-by: Roger Pau Monne <[EMAIL PROTECTED]>
    Acked-by: Ian Jackson <[EMAIL PROTECTED]>
    Committed-by: Ian Jackson <[EMAIL PROTECTED]>
    
    
changeset:   24863:4aa563f19a18
user:        Roger Pau Monne <[EMAIL PROTECTED]>
date:        Wed Feb 22 11:56:24 2012 +0000
    
    autoconf: remove udev checks from build
    
    There's no need to have udev when building Xen since it's only used at
    run time.
    
    Signed-off-by: Roger Pau Monne <[EMAIL PROTECTED]>
    Acked-by: Ian Jackson <[EMAIL PROTECTED]>
    Committed-by: Ian Jackson <[EMAIL PROTECTED]>
    
    
changeset:   24862:69c6e5d33f10
user:        Roger Pau Monne <[EMAIL PROTECTED]>
date:        Wed Feb 22 11:54:16 2012 +0000
    
    autoconf: remove brctl check
    
    Remove brctl check since it's usually only available to users with
    high privileges, but Xen should be buildable by regular users.
    
    Signed-off-by: Roger Pau Monne <[EMAIL PROTECTED]>
    Acked-by: Ian Jackson <[EMAIL PROTECTED]>
    Committed-by: Ian Jackson <[EMAIL PROTECTED]>
    
    
changeset:   24861:8ee81ceda8c9
user:        Ian Jackson <[EMAIL PROTECTED]>
date:        Wed Feb 22 01:55:04 2012 +0000
    
    .gitignore: add autoconf-related files
    
    Signed-off-by: Ian Jackson <[EMAIL PROTECTED]>
    Committed-by: Ian Jackson <[EMAIL PROTECTED]>
    
    
changeset:   24860:a19c6d90fd41
user:        Ian Jackson <[EMAIL PROTECTED]>
date:        Wed Feb 22 01:55:03 2012 +0000
    
    build: add autoconf to replace custom checks in tools/check
    
    Added autotools magic to replace custom check scripts. The previous
    checks have been ported to autoconf, and some additional ones have
    been added (plus the suggestions from running autoscan). Two files are
    created as a result from executing configure script, config/Tools.mk
    and config.h.
    
    conf/Tools.mk is included by tools/Rules.mk, and contains most of the
    options previously defined in .config, that can now be set passing
    parameters or defining environment variables when executing configure
    script.
    
    config.h is only used by libxl/xl to detect yajl_version.h.
    
    [ tools/config.sub and config.guess copied from
      autotools-dev 20100122.1 from Debian squeeze i386,
      which is GPLv2.
    
      tools/configure generated using the included ./autogen.sh
      which ran autoconf 2.67-2 from Debian squeeze i386.  autoconf
      is GPLv3+ but has a special exception for the autoconf output;
      this exception applies to us and exempts us from complying
      with GPLv3+ for configure, which is good as Xen is GPL2 only.
    
      - Ian Jackson ]
    
    Signed-off-by: Roger Pau Monne <[EMAIL PROTECTED]>
    Tested-by: Ian Jackson <[EMAIL PROTECTED]>
    Committed-by: Ian Jackson <[EMAIL PROTECTED]>
    
    
changeset:   24859:6a34a42a2b5d
user:        Bamvor Jian Zhang <[EMAIL PROTECTED]>
date:        Tue Feb 21 18:01:04 2012 +0000
    
    libxl: Export libxl_event.h
    
    This fixes a compile error in libvirt.
    
    Signed-off-by: Bamvor Jian Zhang <[EMAIL PROTECTED]>
    Acked-by: Ian Jackson <[EMAIL PROTECTED]>
    Committed-by: Ian Jackson <[EMAIL PROTECTED]>
    
    
changeset:   24858:a88ba599add1
user:        George Dunlap <[EMAIL PROTECTED]>
date:        Tue Feb 21 17:45:59 2012 +0000
    
    libxl: cleanup: Remove pointless ERRNOVAL
    
    Just call LIBXL__LOG rather than passing a meaningless ERRNOVAL.
    
    Signed-off-by: George Dunlap <[EMAIL PROTECTED]>
    Acked-by: Ian Jackson <[EMAIL PROTECTED]>
    Committed-by: Ian Jackson <[EMAIL PROTECTED]>
    
    
========================================
commit 128de2549c5f24e4a437b86bd2e46f023976d50a
Author: Jean Guyader <[EMAIL PROTECTED]>
Date:   Mon Feb 20 16:21:47 2012 +0000

    Intel GPU passthrough: Host bridge config space
    
    Expose more host bridge config space value to make the driver happy
    for all the different revisions of the device.
    
    Signed-off-by: Jean Guyader <[EMAIL PROTECTED]>

_______________________________________________
Xen-devel mailing list
[EMAIL PROTECTED]
http://lists.xen.org/xen-devel