Loading...

xen-devel@lists.xensource.com

[Prev] Thread [Next]  |  [Prev] Date [Next]

[Xen-devel] [qemu-upstream-unstable test] 12570: regressions - FAIL xen . org Thu Apr 05 05:01:49 2012

flight 12570 qemu-upstream-unstable real [real]
http://www.chiark.greenend.org.uk/~xensrcts/logs/12570/

Regressions :-(

Tests which did not succeed and are blocking,
including tests which could not be run:
 build-amd64-oldkern           4 xen-build                 fail REGR. vs. 11890
 build-amd64                   4 xen-build                 fail REGR. vs. 11890

Tests which did not succeed, but are not blocking:
 test-amd64-i386-qemuu-rhel6hvm-amd  1 xen-build-check(1)           blocked n/a
 test-amd64-amd64-qemuu-win    1 xen-build-check(1)           blocked  n/a
 test-amd64-i386-qemuu-rhel6hvm-intel  1 xen-build-check(1)         blocked n/a
 test-amd64-i386-qemuu-win-vcpus1  1 xen-build-check(1)           blocked  n/a
 test-i386-i386-qemuu-win     16 leak-check/check             fail   never pass
 test-amd64-i386-qemuu-win     1 xen-build-check(1)           blocked  n/a
 test-amd64-i386-xend-qemuu-winxpsp3  1 xen-build-check(1)          blocked n/a
 test-amd64-i386-xl-qemuu-win-vcpus1  1 xen-build-check(1)          blocked n/a
 test-i386-i386-xl-qemuu-win   7 windows-install              fail   never pass
 test-amd64-amd64-xl-qemuu-win  1 xen-build-check(1)           blocked  n/a
 test-amd64-amd64-xl-qemuu-win7-amd64  1 xen-build-check(1)         blocked n/a
 test-amd64-i386-xl-qemuu-win7-amd64  1 xen-build-check(1)          blocked n/a
 test-amd64-i386-xl-qemuu-winxpsp3-vcpus1  1 xen-build-check(1)     blocked n/a
 test-i386-i386-xl-qemuu-winxpsp3  7 windows-install            fail never pass
 test-amd64-amd64-xl-qemuu-winxpsp3  1 xen-build-check(1)           blocked n/a

version targeted for testing:
 qemuu                e1615984e765751b430f86be679c0b74b5d5cd15
baseline version:
 qemuu                86a8d63bc11431509506b95c1481e1a023302cbc

jobs:
 build-amd64                                                  fail    
 build-i386                                                   pass    
 build-amd64-oldkern                                          fail    
 build-i386-oldkern                                           pass    
 build-amd64-pvops                                            pass    
 build-i386-pvops                                             pass    
 test-amd64-i386-qemuu-rhel6hvm-amd                           blocked 
 test-amd64-amd64-xl-qemuu-win7-amd64                         blocked 
 test-amd64-i386-xl-qemuu-win7-amd64                          blocked 
 test-amd64-i386-qemuu-rhel6hvm-intel                         blocked 
 test-amd64-i386-qemuu-win-vcpus1                             blocked 
 test-amd64-i386-xl-qemuu-win-vcpus1                          blocked 
 test-amd64-i386-xl-qemuu-winxpsp3-vcpus1                     blocked 
 test-amd64-amd64-qemuu-win                                   blocked 
 test-amd64-i386-qemuu-win                                    blocked 
 test-i386-i386-qemuu-win                                     fail    
 test-amd64-amd64-xl-qemuu-win                                blocked 
 test-i386-i386-xl-qemuu-win                                  fail    
 test-amd64-i386-xend-qemuu-winxpsp3                          blocked 
 test-amd64-amd64-xl-qemuu-winxpsp3                           blocked 
 test-i386-i386-xl-qemuu-winxpsp3                             fail    


------------------------------------------------------------
sg-report-flight on woking.cam.xci-test.com
logs: /home/xc_osstest/logs
images: /home/xc_osstest/images

Logs, config files, etc. are available at
    http://www.chiark.greenend.org.uk/~xensrcts/logs

Test harness code can be found at
    http://xenbits.xensource.com/gitweb?p=osstest.git;a=summary


Not pushing.


_______________________________________________
Xen-devel mailing list
[EMAIL PROTECTED]
http://lists.xen.org/xen-devel